*3 - 7*v**3 - 5*v - 4 + 0 + 4*v**3 - 6*v**2. Calculate o(-3).
-16
Let b be (4/8)/(2/(-24)). Let s be (-90)/(-20)*4/b. Let x(z) = -5*z - 3. Calculate x(s).
12
Let y(h) = 2*h + 1. Let c be y(2). Let d(a) = -4 - 2 + c + 0 - 2*a. Give d(-2).
3
Let p(a) be the first derivative of -1/2*a**2 + 1 - 4*a. Let z be 7/((-56)/(-12))*2. What is p(z)?
-7
Suppose 10 + 5 = w. Suppose -2*h = -4*h + 18. Let f be (-1)/(w/h - 2). Let j(c) = c**2 - c + 4. What is j(f)?
10
Let b be 1 + (1 + -2)*-103. Let a be (-4)/(-14) + b/28. Let d(g) = 2*g**2 - 7*g + 4. Give d(a).
8
Suppose y - 3*y = 4. Let m(f) = -f + 1. Determine m(y).
3
Let d(x) = -3*x - 2*x**2 + 4*x + 3*x**3 - 4*x**3. Let u be ((-4)/(-5))/((-8)/20). Give d(u).
-2
Let n(a) be the third derivative of a**4/8 + a**3/6 - 20*a**2. Determine n(3).
10
Let w = 0 - 0. Suppose -35 = 5*d - 105. Let x(k) = -6*k + d + k**2 + w*k**2 - 16. Give x(6).
-2
Let a = 11 - 5. Let j(n) = n**2. Let c(d) = -d**3 + 3*d**2 + 7*d - 8. Let p(w) = c(w) + 2*j(w). Determine p(a).
-2
Let b(k) = 6*k**3 + k**3 + k**2 + 0*k**3 - 3*k**3. Determine b(1).
5
Suppose -4*u + 43 = 7. Suppose 4*q + u = q. Let t be (q/(-4))/(2/(-8)). Let b(y) = y**2 + 4*y + 4. What is b(t)?
1
Let y(t) = -t**2 - 3*t + 1. Let f = 13 + -9. Let w be (3/f)/((-1)/(-4)). Let s be 40/(-30)*(w + 0). Give y(s).
-3
Let t(u) be the first derivative of u**3/3 + 3*u**2/2 - 7*u + 15. Give t(-5).
3
Let f(j) = j + 3*j**2 - 5*j**2 + 3*j**2. Let p be (3/(-4))/((-1)/(-8)). Let m(s) = s**3 + 6*s**2 + s + 4. Let n be m(p). What is f(n)?
2
Let c(s) be the first derivative of s**3/6 + 3*s**2 - 4*s - 3. Let a(r) be the first derivative of c(r). Determine a(-6).
0
Let h(j) = j**2 - 8*j + 3. Let u be h(8). Let s = u - 2. Let b(r) = -2*r**2 - r + 1. Determine b(s).
-2
Let p(b) be the second derivative of -b**3/6 + 15*b**2/2 - b. Let o(k) = -k + 2. Let h be o(2). Determine p(h).
15
Let z(s) = -17*s**2 + 7*s**2 + 11*s**2 + 2*s + 1. Let g be 2*(-1 + (1 - 2)). Calculate z(g).
9
Let g(f) be the third derivative of -f**4/24 + f**2 - 15*f. Calculate g(3).
-3
Let o(z) = 7*z - 1. Let n(r) = -r + 13. Let q be n(11). Let c(s) = -8*s + 2. Let p(w) = q*c(w) + 3*o(w). Calculate p(1).
6
Suppose 2*s = 4*s + 2. Let c(b) = -14*b - 2. Let q(y) = 7*y + 1. Let j(a) = 2*c(a) + 5*q(a). Calculate j(s).
-6
Suppose 13*d + 33 = -45. Let x(g) = -g**3 - 6*g**2 - g - 2. Give x(d).
4
Let g(b) be the second derivative of -b**7/2520 - b**6/360 + b**4/6 + 3*b. Let x(a) be the third derivative of g(a). Suppose 6 + 9 = -5*f. Determine x(f).
-3
Let y(l) = l**3 - 4*l**2 - 6. Let j(r) = -3*r**3 + 7*r**2 + 13. Let w(z) = 2*j(z) + 5*y(z). Determine w(-6).
-4
Let p(m) be the first derivative of -m**6/90 - m**4/24 + m**3/3 + 1. Let l(u) be the third derivative of p(u). Let c be 1/(-3)*(-6)/2. Determine l(c).
-5
Suppose -3 = -5*o - 4*q, 3*q + 21 = 3*o + o. Suppose -3*d - 4*p + 3 = -6*d, -4*d - o = -5*p. Let a(m) = m**2 - 5*m + 4. What is a(d)?
-2
Let f(x) = -2*x + 19. Let s(p) = p - 10. Let n(y) = 6*f(y) + 11*s(y). Let g be 30/(-8)*(-16)/6. Let b be ((-8)/g)/((-2)/(-10)). Calculate n(b).
8
Let x(t) = -t - 17. Let d(y) = 2*y + 26. Let l(o) = -5*d(o) - 8*x(o). Let k(h) = h**2 + 16*h + 54. Let j be k(-12). Calculate l(j).
-6
Let w(u) = 5*u**2 - 2*u + 9. Let q(g) = 11*g**2 - 4*g + 19. Let j(c) = -6*q(c) + 13*w(c). Calculate j(3).
-12
Suppose -3*a + 2 + 7 = 0. Suppose 3 + a = 3*q. Suppose 0*t = t - q. Let r(j) = j + 2. What is r(t)?
4
Let z = -8 + 13. Suppose -3*y = 4*u - z, 5*u - 4*y = -0 + 45. Let s(w) = w + 5. Let m(b) = -3*b - 11. Let k(p) = -2*m(p) - 5*s(p). What is k(u)?
2
Suppose -2*b - 14 = -3*n - 0*n, n = 2*b - 2. Suppose 2*a + 2*a = -n. Let m be (1 - (-6)/a) + 1. Let f(g) = -5*g**3 + g**2 - g - 1. Calculate f(m).
6
Let y(b) be the first derivative of -b**2/2 + 2*b + 7. Calculate y(5).
-3
Let w(u) = 13*u + 3*u**2 - 2*u**2 + 10*u - 6 - 22*u. Give w(-5).
14
Let s(w) = -7*w**2 - 9. Let f(u) = -8*u**2 + u - 10. Let a(c) = -6*f(c) + 7*s(c). What is a(-5)?
2
Let u(o) = -o. Let k(i) = -9. Let v(h) = -k(h) + u(h). Suppose -2*z + 4 = -0*z + t, 0 = t. Suppose z + 2 = g. Determine v(g).
5
Let y(x) = -5*x - 1. Suppose 2*a - f = -0*a, 2*f + 1 = 3*a. Let i be y(a). Let p(n) = n**3 - 4*n**2 + n - 1. Give p(i).
3
Let s(d) be the third derivative of -1/6*d**3 + 1/12*d**4 + 0*d + 0 + 2*d**2. Suppose -m + 18 = -2*m - 5*g, -2*m - 9 = g. What is s(m)?
-7
Let u be -1 + 8 + -1 + -4. Let l(i) = -2*i - 3. Let c(m) = -3*m - 5. Let r(n) = 4*c(n) - 7*l(n). Calculate r(u).
5
Let f(p) be the first derivative of -4 + 1/2*p**2 + p. Let i be (0 - 0 - 1) + 2. Calculate f(i).
2
Let f(v) be the first derivative of -v**2/2 - 5*v + 1. Let k(m) = -m**2 + 2*m - 6. Let d be k(4). Let h = 8 + d. What is f(h)?
1
Let f(b) = b**3 - b**2 - 2*b - 1. Let j(r) = 5*r - 5 - 4 + 8 + 0*r + r**2. Let n be j(-5). Calculate f(n).
-1
Let n(m) = -m - 11. Let c(p) = p + 17. Let s(r) = -5*c(r) - 7*n(r). Determine s(6).
4
Suppose -4*z + 0*z = -20. Suppose 0 = v + z - 3. Let d be 18*(4/(-6))/v. Let c(w) = w**3 - 5*w**2 - 6*w - 1. What is c(d)?
-1
Let f = 34/33 - 4/11. Let d(a) be the second derivative of f*a**3 - 1/12*a**4 - 1/2*a**2 - a + 0. Calculate d(3).
2
Let g(p) = -p**3 + 7*p**2 - 6*p - 6. Let x(d) = d**2 - 8*d - 3. Let j be x(9). Determine g(j).
-6
Let u be 15/20 - (-30)/(-8). Let p(l) = l**3 + 2*l**2 + 2*l + 2. Give p(u).
-13
Let g(w) be the third derivative of -w**6/120 - w**5/20 + w**4/8 - w**3/3 + 5*w**2. Calculate g(-4).
2
Let g be 3/6 + 15/2. Suppose 2*c - g = -2*c. Let p(b) = -b + 1. Calculate p(c).
-1
Suppose 4*r = -z - 21, 5*z - 6 - 4 = 3*r. Let t(q) be the third derivative of q**5/60 + q**4/4 + 7*q**3/6 + 46*q**2. Calculate t(r).
2
Let n = 104 + -47. Let y(o) = o + n - 57. Let z be (-6)/15 - 34/(-10). Give y(z).
3
Suppose 0*c = c + 1. Let d(l) = -l**3 - l**2. Let n(w) = -7*w**3 - w**2 - w - 2. Let a(f) = c*n(f) + 6*d(f). Calculate a(5).
7
Let l = -11 + 17. Let n be ((-2)/(-2))/(l/(-12)). Let c(q) = -3*q**2 - 3*q - 2. Give c(n).
-8
Let o(p) = p - 4. Let q be 0*(0 - (-2)/8). What is o(q)?
-4
Let v be (-2)/(-3) - (-188)/6. Suppose -8*f + 24 = -4*f + 3*l, 4*f + 5*l - v = 0. Let s(y) = 7 - y**2 - 7*y**f + 6*y**3 - 3*y + 2*y. What is s(0)?
7
Let g(y) = y**3 + 8*y**2 + y + 5. Let n = -30 - -22. What is g(n)?
-3
Let d(m) = 6*m - 5. Let y(b) = b - 1. Let p(l) = -d(l) + 5*y(l). Determine p(8).
-8
Let w(z) = -z**3 + 1. Let r(o) = 2*o**3 + o**2 - o + 2. Let b(g) = r(g) + 3*w(g). Suppose 5*v - 2*v = 0. Give b(v).
5
Suppose 45 - 41 = -2*t. Let l = -17 + 12. Let n(p) = -3*p**3 + 11*p**2 - 3*p + 2. Let d(y) = y**3 - 5*y**2 + y - 1. Let i(o) = l*d(o) - 2*n(o). Determine i(t).
3
Let t(j) be the first derivative of -j**4/4 - j**3/3 + j**2/2 + 3*j - 10. Give t(0).
3
Let z(k) = 2*k - 1. Suppose 0 = -2*c - 3 + 11. Give z(c).
7
Let w(q) = -26 - 20*q + 26 + 3*q. Give w(-1).
17
Let x(z) = 4*z**3 + 2*z**2 - 3. Let q be (-2)/(3 + 15/(-6)). Let v(m) = 3*m**3 + m**2 + m - 3. Let j(f) = q*x(f) + 5*v(f). Calculate j(-4).
-7
Let x(b) = -b - 1. Let d(w) = w - 3. Let s(j) = -j**2 + 7*j - 7. Let n be s(6). Let i = -2 - n. Let r(z) = i*d(z) - 2*x(z). Determine r(-4).
1
Suppose 0*u = 5*n - 2*u, 0 = -3*n + 5*u. Let j(d) = d**3 - 2*d**2 + 7 + 2*d**2 - d. Calculate j(n).
7
Suppose 0 - 6 = -2*d. Let o be d*1*(-4)/(-6). Let f(z) = -3*z**o + 7*z**2 - z**2 - z - 2. Calculate f(2).
8
Let w(m) = -3*m - 5. Let s(o) = 10*o + 15. Let r(l) = -2*s(l) - 7*w(l). Let p be 2/(-4) - (-5)/(-2). Give r(p).
2
Let u = 7 + -14. Let k(r) = 232 - 110 + 2*r - 115. Calculate k(u).
-7
Let o(u) = -u - 3*u**3 + 2*u**3 + 3 + u**2 - 2. Let d(l) = -6*l - l + 7 - 3*l + l**2 + 3*l. Let n be d(6). Determine o(n).
0
Let f be 8/2*5/(-2). Let t = f + 6. Let d(k) = k**3 + 3*k**2 - 7*k - 5. Give d(t).
7
Let l(h) = h**3 + h**2 - h + 1. Let y = 7 - 4. Suppose 3*v = -0*c - 3*c - y, -v = 2. Let s be 4/(-24) - c/(-6). Give l(s).
1
Let x(o) = o - 1. Let d = 4 - 5. Let y(f) = -3 + 3 - 5 + 3. Let m(u) = d*y(u) - x(u). What is m(-4)?
7
Let b(i) be the third derivative of -2*i**2 + 0*i - 1/12*i**4 + 0 + 1/2*i**3. Let p = -18 + 20. Determine b(p).
-1
Let m(f) = -f**2 - 2*f - 1. Let y(x) = x**2 + 3*x + 2. Let w(t) = 2*m(t) + 3*y(t). Suppose 0 = -7*i + 2*i - 45. Let v be (i/4 + 3)*-4. Calculate w(v).
-2
Let q be (-48)/10 - (-6)/(-30). Let h(v) = -v - 5. Let s be h(q